What are the prime factors of 649?
11, 59
List the prime factors of 583.
11, 53
What are the prime factors of 5662?
2, 19, 149
List the prime factors of 8999.
8999
What are the prime factors of 35939?
83, 433
What are the prime factors of 12331?
11, 19, 59
What are the prime factors of 24585?
3, 5, 11, 149
List the prime factors of 110581.
110581
What are the prime factors of 15504?
2, 3, 17, 19
What are the prime factors of 1059?
3, 353
List the prime factors of 979.
11, 89
List the prime factors of 426.
2, 3, 71
List the prime factors of 67387.
79, 853
List the prime factors of 37715.
5, 19, 397
List the prime factors of 8416.
2, 263
What are the prime factors of 4141?
41, 101
What are the prime factors of 28435?
5, 11, 47
What are the prime factors of 11953?
11953
What are the prime factors of 391?
17, 23
What are the prime factors of 75906?
2, 3, 4217
List the prime factors of 27771.
3, 9257
What are the prime factors of 833?
7, 17
What are the prime factors of 4941?
3, 61
List the prime factors of 3235.
5, 647
What are the prime factors of 9763?
13, 751
List the prime factors of 15394.
2, 43, 179
What are the prime factors of 1233?
3, 137
What are the prime factors of 83839?
7, 29, 59
What are the prime factors of 38752?
2, 7, 173
List the prime factors of 7068.
2, 3, 19, 31
List the prime factors of 172.
2, 43
What are the prime factors of 64790?
2, 5, 11, 19, 31
What are the prime factors of 1908?
2, 3, 53
List the prime factors of 20356.
2, 7, 727
What are the prime factors of 3759?
3, 7, 179
What are the prime factors of 4052?
2, 1013
List the prime factors of 30500.
2, 5, 61
What are the prime factors of 4968?
2, 3, 23
What are the prime factors of 138526?
2, 69263
List the prime factors of 112957.
13, 8689
What are the prime factors of 6516?
2, 3, 181
List the prime factors of 30850.
2, 5, 617
What are the prime factors of 2447?
2447
List the prime factors of 421.
421
What are the prime factors of 1093?
1093
List the prime factors of 13337.
13337
List the prime factors of 5396.
2, 19, 71
List the prime factors of 2991.
3, 997
What are the prime factors of 320?
2, 5
List the prime factors of 1976.
2, 13, 19
What are the prime factors of 18336?
2, 3, 191
List the prime factors of 4221.
3, 7, 67
What are the prime factors of 14111?
103, 137
List the prime factors of 14316.
2, 3, 1193
What are the prime factors of 2744?
2, 7
List the prime factors of 44794.
2, 22397
What are the prime factors of 2153?
2153
List the prime factors of 2685.
3, 5, 179
What are the prime factors of 5932?
2, 1483
List the prime factors of 14613.
3, 4871
What are the prime factors of 18712?
2, 2339
What are the prime factors of 14982?
2, 3, 11, 227
List the prime factors of 2970.
2, 3, 5, 11
List the prime factors of 80429.
80429
List the prime factors of 9017.
71, 127
What are the prime factors of 98327?
98327
What are the prime factors of 1546?
2, 773
What are the prime factors of 23642?
2, 11821
List the prime factors of 40343.
40343
What are the prime factors of 991?
991
What are the prime factors of 1036?
2, 7, 37
What are the prime factors of 1864?
2, 233
List the prime factors of 26421.
3, 8807
What are the prime factors of 655?
5, 131
What are the prime factors of 2600?
2, 5, 13
What are the prime factors of 6780?
2, 3, 5, 113
List the prime factors of 8610.
2, 3, 5, 7, 41
List the prime factors of 21729.
3, 7243
What are the prime factors of 84694?
2, 17, 47, 53
What are the prime factors of 45?
3, 5
List the prime factors of 6098.
2, 3049
List the prime factors of 1095.
3, 5, 73
List the prime factors of 5420.
2, 5, 271
List the prime factors of 951.
3, 317
What are the prime factors of 15318?
2, 3, 23, 37
What are the prime factors of 20428?
2, 5107
What are the prime factors of 287?
7, 41
What are the prime factors of 11030?
2, 5, 1103
What are the prime factors of 60815?
5, 12163
What are the prime factors of 1417?
13, 109
List the prime factors of 4216.
2, 17, 31
List the prime factors of 485.
5, 97
List the prime factors of 30983.
30983
List the prime factors of 34919.
34919
List the prime factors of 17612.
2, 7, 17, 37
List the prime factors of 691.
691
List the prime factors of 31126.
2, 79, 197
List the prime factors of 26842.
2, 13421
What are the prime factors of 1472?
2, 23
List the prime factors of 1495.
5, 13, 23
What are the prime factors of 433?
433
List the prime factors of 50254.
2, 25127
List the prime factors of 58827.
3, 19609
What are the prime factors of 232?
2, 29
What are the prime factors of 683?
683
What are the prime factors of 2122?
2, 1061
What are the prime factors of 4775?
5, 191
What are the prime factors of 14773?
11, 17, 79
List the prime factors of 4225.
5, 13
What are the prime factors of 2?
2
What are the prime factors of 3742?
2, 1871
What are the prime factors of 11192?
2, 1399
List the prime factors of 2343.
3, 11, 71
What are the prime factors of 82337?
137, 601
What are the prime factors of 347?
347
List the prime factors of 246.
2, 3, 41
List the prime factors of 2318.
2, 19, 61
List the prime factors of 12056.
2, 11, 137
What are the prime factors of 2646?
2, 3, 7
What are the prime factors of 14324?
2, 3581
What are the prime factors of 38212?
2, 41, 233
List the prime factors of 1879.
1879
What are the prime factors of 7350?
2, 3, 5, 7
List the prime factors of 4017.
3, 13, 103
List the prime factors of 14803.
113, 131
List the prime factors of 1015.
5, 7, 29
What are the prime factors of 22746?
2, 3, 17, 223
What are the prime factors of 13815?
3, 5, 307
List the prime factors of 8877.
3, 11, 269
What are the prime factors of 8008?
2, 7, 11, 13
List the prime factors of 22369.
22369
List the prime factors of 7384.
2, 13, 71
What are the prime factors of 978?
2, 3, 163
What are the prime factors of 15200?
2, 5, 19
What are the prime factors of 8455?
5, 19, 89
What are the prime factors of 5969?
47, 127
List the prime factors of 15355.
5, 37, 83
What are the prime factors of 2938?
2, 13, 113
List the prime factors of 1937.
13, 149
List the prime factors of 183.
3, 61
List the prime factors of 901.
17, 53
What are the prime factors of 25217?
151, 167
List the prime factors of 1295.
5, 7, 37
What are the prime factors of 63?
3, 7
What are the prime factors of 75405?
3, 5, 11, 457
What are the prime factors of 10893?
3, 3631
What are the prime factors of 24716?
2, 37, 167
What are the prime factors of 605?
5, 11
What are the prime factors of 1358?
2, 7, 97
What are the prime factors of 23995?
5, 4799
List the prime factors of 9094.
2, 4547
What are the prime factors of 17402?
2, 7, 11, 113
List the prime factors of 333.
3, 37
What are the prime factors of 2421?
3, 269
What are the prime factors of 19211?
19211
What are the prime factors of 34417?
127, 271
List the prime factors of 15612.
2, 3, 1301
List the prime factors of 77922.
2, 3, 13, 37
What are the prime factors of 22277?
22277
List the prime factors of 162328.
2, 103, 197
What are the prime factors of 4117?
23, 179
What are the prime factors of 3002?
2, 19, 79
What are the prime factors of 439?
439
What are the prime factors of 203?
7, 29
What are the prime factors of 805?
5, 7, 23
List the prime factors of 689.
13, 53
List the prime factors of 3386.
2, 1693
List the prime factors of 7361.
17, 433
What are the prime factors of 16328?
2, 13, 157
List the prime factors of 8623.
8623
What are the prime factors of 574?
2, 7, 41
List the prime factors of 3558.
2, 3, 593
List the prime factors of 1087.
1087
What are the prime factors of 694?
2, 347
What are the prime factors of 495?
3, 5, 11
What are the prime factors of 1139?
17, 67
List the prime factors of 1566.
2, 3, 29
List the prime factors of 38784.
2, 3, 101
What are the prime factors of 255?
3, 5, 17
List the prime factors of 312.
2, 3, 13
What are the prime factors of 28412?
2, 7103
List the prime factors of 58237.
58237
List the prime factors of 439.
439
What are the prime factors of 1114?
2, 557
What are the prime factors of 8395?
5, 23, 73
What are the prime factors of 34307?
7, 13, 29
What are the prime factors of 2596?
2, 11, 59
List the prime factors of 1663.
1663
What are the prime factors of 13692?
2, 3, 7, 163
What are the prime factors of 2048?
2
List the prime factors of 16988.
2,